6243 a prime number?
False
Is 31410480289 prime?
True
Is 5291360731 composite?
False
Is 3743647459 a prime number?
False
Is 1195427521 composite?
False
Is 303217858 a prime number?
False
Is 7761560923 composite?
True
Is 512408653 prime?
False
Is 3887892419 a composite number?
False
Is 13964211523 prime?
False
Is 20030937559 a composite number?
False
Is 340661171 composite?
True
Is 5541742361 a composite number?
True
Is 331468409 a prime number?
True
Is 17658532223 a composite number?
True
Is 639590311 prime?
True
Is 659466109 composite?
True
Is 1529026738 prime?
False
Is 372763693 a composite number?
False
Is 761427721 prime?
True
Is 17784034031 prime?
True
Is 9063229837 composite?
True
Is 223723891 a composite number?
False
Is 802319027 a composite number?
True
Is 38511920677 a prime number?
False
Is 44944542211 prime?
False
Is 25042911547 a composite number?
False
Is 1879830541 a composite number?
False
Is 561511147 a composite number?
False
Is 116051317 a prime number?
True
Is 6029929637 prime?
True
Is 13794133453 a prime number?
False
Is 5664839711 composite?
False
Is 19680863 prime?
True
Is 61382496727 a composite number?
True
Is 47513549 prime?
True
Is 14230138177 a composite number?
True
Is 127331807081 a prime number?
True
Is 16254556861 a prime number?
True
Is 3417289457 composite?
True
Is 109788083 a composite number?
False
Is 33420210287 prime?
False
Is 9506744501 a prime number?
True
Is 986986057 a composite number?
True
Is 149690179783 prime?
True
Is 1390240063 composite?
False
Is 148768733 prime?
False
Is 11569923487 composite?
False
Is 431962403 composite?
False
Is 484478941 composite?
False
Is 2870975831 a composite number?
False
Is 45457618867 composite?
True
Is 46069026739 a composite number?
False
Is 112488625159 a composite number?
True
Is 419189833 composite?
True
Is 240618167 a prime number?
False
Is 41078333713 a prime number?
False
Is 5497038061 a prime number?
False
Is 333681913 composite?
False
Is 411005527 a composite number?
False
Is 92654707 a composite number?
True
Is 590862457 prime?
True
Is 77739741943 composite?
True
Is 2362898143 composite?
False
Is 1187248373 a prime number?
True
Is 1961590151 composite?
False
Is 8021184422 composite?
True
Is 13745420999 a composite number?
True
Is 77827595143 a composite number?
True
Is 10014985261 a composite number?
False
Is 2844838169 composite?
False
Is 8024489267 a composite number?
False
Is 158433481 prime?
False
Is 3841602607 a composite number?
False
Is 377801239 a composite number?
True
Is 3087038569 a prime number?
True
Is 6903434839 prime?
False
Is 4434970663 composite?
False
Is 2954192453 composite?
True
Is 3804006077 a composite number?
False
Is 6427983479 composite?
True
Is 2283166547 a composite number?
False
Is 586130249 composite?
True
Is 470445863 a composite number?
True
Is 1256509033 a prime number?
False
Is 22774427903 a composite number?
False
Is 317671703 prime?
True
Is 8640439513 a composite number?
False
Is 276513553 a composite number?
True
Is 104460359359 prime?
True
Is 64563703117 a composite number?
True
Is 2405210491 a prime number?
False
Is 1021951519 a prime number?
True
Is 7650937045 a composite number?
True
Is 267912374 prime?
False
Is 68516692159 a composite number?
False
Is 2185555699 composite?
False
Is 661238449 prime?
False
Is 6509029214 prime?
False
Is 1132355813 a prime number?
True
Is 138337091 prime?
True
Is 858484261 a prime number?
True
Is 2367662747 a composite number?
True
Is 789923527 a composite number?
True
Is 3464420693 composite?
False
Is 12637419239 prime?
True
Is 14985003611 prime?
False
Is 4026919001 prime?
False
Is 140172389899 prime?
False
Is 384069541 a prime number?
False
Is 2218628767 a composite number?
False
Is 1563584381 a prime number?
False
Is 25778863429 a composite number?
True
Is 709309567 composite?
True
Is 102063203677 a composite number?
False
Is 83093855387 prime?
True
Is 812162629 a prime number?
False
Is 65648361809 prime?
False
Is 17864576797 a composite number?
False
Is 10093812311 composite?
True
Is 16629005791 a prime number?
True
Is 1433640643 prime?
False
Is 3031479569 a prime number?
False
Is 7795228897 a prime number?
False
Is 3560824931 prime?
True
Is 23267677187 a composite number?
False
Is 764443187 prime?
True
Is 124899868807 prime?
False
Is 279427316141 a composite number?
True
Is 391900097 a composite number?
False
Is 98195554663 composite?
False
Is 11767523338 a composite number?
True
Is 27057623447 prime?
True
Is 14915895751 composite?
False
Is 3295027441 composite?
False
Is 55204123903 a composite number?
True
Is 19656329477 composite?
True
Is 335283491 prime?
True
Is 18925271231 composite?
True
Is 3453847229 a prime number?
False
Is 4555914085 a prime number?
False
Is 275720006989 a composite number?
True
Is 1021147249 prime?
True
Is 428399773 a composite number?
True
Is 26384894009 a prime number?
True
Is 40969359173 composite?
True
Is 656704447 prime?
False
Is 6008256593 prime?
False
Is 91359409 composite?
True
Is 37860364807 a composite number?
True
Is 30542835831 a prime number?
False
Is 57906333083 a prime number?
False
Is 42197116603 composite?
False
Is 40575600343 a prime number?
True
Is 667386157 prime?
True
Is 4294091111 composite?
True
Is 707776661 a composite number?
True
Is 939195227 prime?
False
Is 2957135789 prime?
True
Is 115807403 a composite number?
True
Is 101167267309 a composite number?
False
Is 1300611353 prime?
False
Is 41220149 composite?
True
Is 46628299181 prime?
False
Is 90641586059 a prime number?
False
Is 2442617653 composite?
True
Is 105248620363 a composite number?
True
Is 127195061 composite?
True
Is 3992517461 a prime number?
True
Is 7099833883 a composite number?
False
Is 4514687421 a composite number?
True
Is 8394812077 a prime number?
False
Is 2538281281 a prime number?
True
Is 53107685 a composite number?
True
Is 3961392289 a composite number?
True
Is 11395789373 a prime number?
True
Is 15062158715 a composite number?
True
Is 2083035281 a composite number?
False
Is 41564660987 a composite number?
False
Is 8477259821 a prime number?
True
Is 2584012927 a prime number?
True
Is 33088228031 prime?
True
Is 1404181399 a composite number?
True
Is 1555429847 composite?
False
Is 930630109 a prime number?
True
Is 3107323651 prime?
True
Is 43564993799 composite?
False
Is 430993559 a composite number?
False
Is 167728010309 a prime number?
False
Is 1053795829 composite?
False
Is 61756241 a composite number?
False
Is 94876036897 a prime number?
False
Is 14997932681 a composite number?
False
Is 352167427 a composite number?
True
Is 97925833 a prime number?
True
Is 18293057 a composite number?
False
Is 6250697891 a composite number?
False
Is 15792474719 a prime number?
False
Is 123832499435 a composite number?
True
Is 1165397173 a prime number?
False
Is 558177979 a composite number?
False
Is 1205836997 composite?
True
Is 356466083 composite?
True
Is 5133013007 prime?
False
Is 14270820587 prime?
True
Is 708926353 prime?
False
Is 459528019 composite?
False
Is 5823710153 prime?
False
Is 54786292915 a prime number?
False
Is 93529141 prime?
False
Is 2745316589 a composite number?
False
Is 64795752107 a composite number?
True
Is 987928705 a composite number?
True
Is 116601245071 prime?
False
Is 5383509127 composite?
True
Is 14543949337 a prime number?
True
Is 489376351 prime?
True
Is 317324783 a composite number?
True
Is 30576191 a prime number?
True
Is 3184780307 a prime number?
False
Is 39156253601 a prime number?
True
Is 438575581 prime?
False
Is 1377209347 a prime number?
True
Is 1399344593 a prime number?
False
Is 1070740997 prime?
True
Is 524613431 prime?
True
Is 74163458242 prime?
False
Is 50606686159 prime?
True
Is 66107834401 a prime number?
False
Is 6069433373 a composite number?
True
Is 279572063 a composite number?
False
Is 809029721 a prime number?
False
Is 2607790937 composite?
True
Is 549808559 a prime number?
True
Is 24754272271 composite?
True
Is 142279677679 composite?
False
Is 34956984214 prime?
False
Is 1314437941 composite?
True
Is 257972261 composite?
True
Is 1920153143 a composite number?
True
Is 121263119591 a composite number?
False
Is 6483614789 a composite number?
False
Is 50289281243 prime?
False
Is 7466832311 a prime number?
False
Is 1689